is divided by 1410.
748
What is the remainder when 40095 is divided by 1056?
1023
Calculate the remainder when 29828 is divided by 1491.
8
What is the remainder when 16395 is divided by 29?
10
Calculate the remainder when 305467 is divided by 7636.
27
Calculate the remainder when 16955 is divided by 139.
136
Calculate the remainder when 3478 is divided by 947.
637
What is the remainder when 4937 is divided by 4875?
62
What is the remainder when 75703 is divided by 75696?
7
Calculate the remainder when 10139 is divided by 3374.
17
Calculate the remainder when 109293 is divided by 759.
756
What is the remainder when 8465 is divided by 24?
17
What is the remainder when 20622 is divided by 299?
290
Calculate the remainder when 23972 is divided by 3906.
536
What is the remainder when 28959 is divided by 32?
31
What is the remainder when 7361 is divided by 104?
81
What is the remainder when 268 is divided by 136?
132
Calculate the remainder when 1328 is divided by 190.
188
What is the remainder when 28990 is divided by 14491?
8
Calculate the remainder when 1785 is divided by 261.
219
What is the remainder when 2301996 is divided by 159?
153
Calculate the remainder when 188230 is divided by 264.
262
Calculate the remainder when 7998 is divided by 1333.
0
Calculate the remainder when 3738 is divided by 1234.
36
What is the remainder when 24837 is divided by 26?
7
What is the remainder when 1911 is divided by 1047?
864
Calculate the remainder when 21332 is divided by 94.
88
What is the remainder when 2705 is divided by 88?
65
What is the remainder when 665 is divided by 611?
54
What is the remainder when 1431 is divided by 600?
231
Calculate the remainder when 2524 is divided by 88.
60
Calculate the remainder when 65029 is divided by 194.
39
Calculate the remainder when 4023 is divided by 986.
79
What is the remainder when 2474 is divided by 151?
58
Calculate the remainder when 5941 is divided by 113.
65
Calculate the remainder when 1905 is divided by 193.
168
Calculate the remainder when 33383 is divided by 47.
13
What is the remainder when 123350 is divided by 1055?
970
Calculate the remainder when 104461 is divided by 75.
61
Calculate the remainder when 1294 is divided by 217.
209
What is the remainder when 10912 is divided by 455?
447
What is the remainder when 507034 is divided by 32?
26
What is the remainder when 107696 is divided by 257?
13
What is the remainder when 55556 is divided by 55550?
6
What is the remainder when 970 is divided by 254?
208
Calculate the remainder when 7466 is divided by 131.
130
Calculate the remainder when 17346 is divided by 21.
0
What is the remainder when 967 is divided by 176?
87
Calculate the remainder when 7223 is divided by 84.
83
Calculate the remainder when 421077 is divided by 120.
117
What is the remainder when 22769 is divided by 2069?
10
What is the remainder when 80189 is divided by 3818?
11
Calculate the remainder when 17116 is divided by 694.
460
Calculate the remainder when 45690 is divided by 662.
12
Calculate the remainder when 244386 is divided by 1674.
1656
Calculate the remainder when 44282 is divided by 29.
28
Calculate the remainder when 25861 is divided by 6446.
77
Calculate the remainder when 33542 is divided by 16750.
42
What is the remainder when 72662 is divided by 36317?
28
What is the remainder when 268971 is divided by 203?
199
What is the remainder when 46584 is divided by 208?
200
What is the remainder when 17093 is divided by 263?
261
What is the remainder when 272973 is divided by 653?
19
Calculate the remainder when 388 is divided by 241.
147
Calculate the remainder when 190029 is divided by 1284.
1281
What is the remainder when 1876208 is divided by 39?
35
What is the remainder when 13513 is divided by 11?
5
Calculate the remainder when 411 is divided by 45.
6
Calculate the remainder when 299528 is divided by 9.
8
Calculate the remainder when 14328 is divided by 175.
153
Calculate the remainder when 112 is divided by 3.
1
What is the remainder when 609342 is divided by 33851?
24
Calculate the remainder when 62320 is divided by 42.
34
What is the remainder when 93970 is divided by 109?
12
What is the remainder when 8050 is divided by 4007?
36
Calculate the remainder when 63808 is divided by 12724.
188
What is the remainder when 10390 is divided by 1714?
106
Calculate the remainder when 12657 is divided by 252.
57
What is the remainder when 1846 is divided by 32?
22
Calculate the remainder when 20025 is divided by 2860.
5
What is the remainder when 1799 is divided by 954?
845
What is the remainder when 16016 is divided by 4002?
8
What is the remainder when 11277 is divided by 1024?
13
Calculate the remainder when 372 is divided by 88.
20
What is the remainder when 13853 is divided by 93?
89
What is the remainder when 4699 is divided by 148?
111
Calculate the remainder when 14172 is divided by 246.
150
Calculate the remainder when 4208 is divided by 325.
308
What is the remainder when 3509 is divided by 6?
5
Calculate the remainder when 121228 is divided by 45.
43
Calculate the remainder when 1296 is divided by 256.
16
Calculate the remainder when 265706 is divided by 364.
350
Calculate the remainder when 7585 is divided by 1911.
1852
Calculate the remainder when 391244 is divided by 39.
35
What is the remainder when 3274 is divided by 58?
26
What is the remainder when 11904 is divided by 14?
4
Calculate the remainder when 5664 is divided by 30.
24
Calculate the remainder when 13847 is divided by 538.
397
Calculate the remainder when 6650 is divided by 168.
98
What is the remainder when 162457 is divided by 54124?
85
Calculate the remainder when 432524 is divided by 74.
68
What is the remainder when 2768 is divided by 34?
14
Calculate the remainder when 11061 is divided by 1125.
936
What is the remainder when 23605 is divided by 347?
9
What is the remainder when 5903 is divided by 1475?
3
Calculate the remainder when 2716 is divided by 73.
15
What is the remainder when 200745 is divided by 26?
25
Calculate the remainder when 10797 is divided by 13.
7
Calculate the remainder when 83740 is divided by 41859.
22
Calculate the remainder when 10605 is divided by 354.
339
What is the remainder when 47566 is divided by 164?
6
Calculate the remainder when 15898 is divided by 548.
6
Calculate the remainder when 512 is divided by 161.
29
What is the remainder when 1729 is divided by 23?
4
What is the remainder when 8939 is divided by 203?
7
Calculate the remainder when 30811 is divided by 209.
88
Calculate the remainder when 9494 is divided by 593.
6
Calculate the remainder when 4224 is divided by 103.
1
What is the remainder when 151469 is divided by 6?
5
What is the remainder when 3346 is divided by 161?
126
What is the remainder when 19106 is divided by 13?
9
What is the remainder when 4439 is divided by 4174?
265
Calculate the remainder when 851 is divided by 843.
8
Calculate the remainder when 41210 is divided by 437.
132
What is the remainder when 30538 is divided by 6055?
263
What is the remainder when 177324 is divided by 171?
168
What is the remainder when 15413 is divided by 64?
53
Calculate the remainder when 13224 is divided by 22.
2
Calculate the remainder when 7994 is divided by 77.
63
Calculate the remainder when 12696 is divided by 134.
100
Calculate the remainder when 27026 is divided by 179.
176
What is the remainder when 1405 is divided by 251?
150
Calculate the remainder when 2450656 is divided by 11.
10
Calculate the remainder when 1367 is divided by 411.
134
What is the remainder when 18952 is divided by 4532?
824
What is the remainder when 308 is divided by 114?
80
Calculate the remainder when 52738 is divided by 36.
34
What is the remainder when 52831 is divided by 68?
63
Calculate the remainder when 62710 is divided by 117.
115
What is the remainder when 5881 is divided by 32?
25
Calculate the remainder when 10912 is divided by 68.
32
Calculate the remainder when 67873 is divided by 18.
13
Calculate the remainder when 3660 is divided by 456.
12
What is the remainder when 1845 is divided by 168?
165
What is the remainder when 307708 is divided by 197?
191
What is the remainder when 2788 is divided by 362?
254
Calculate the remainder when 405503 is divided by 198.
197